 0)) - -13.
9
Evaluate -9 - (-3 + 4 - 12).
2
(18 - (6 + 5)) + 1
8
Calculate 2 + -1 - (13 - 12).
0
What is the value of 2 - 10 - (7 - 17)?
2
-1 + 3 + -1 - 4
-3
What is 5 + (-2 + -1 - (1 - 2))?
3
What is the value of 2 - (5 + -2) - (-1 - -4)?
-4
(-5 - (-1 - -1)) + (1 - -2)
-2
-8 + (4 - 9) + 9
-4
What is the value of -6 + (2 - -6) + (1 - -1)?
4
Calculate 3 + -8 + 9 + -4 + 4.
4
What is (144 - 154) + 11 + 0?
1
What is the value of (8 - 1 - 7) + -2 + -4?
-6
Calculate 1 - (-2 + -1 + 6 + -4).
2
What is 5 + -10 + -5 + 4 + 0?
-6
-3 + (-8 - -19 - 3)
5
Calculate 1 - 4 - -5 - -5.
7
What is 4 - (-4 - -1 - -2)?
5
What is the value of 86 + -77 + (-2 + 2 - 5)?
4
Evaluate 12 - (11 + -3 + -4 + 3).
5
What is the value of -3 - (-10 - -3) - 2?
2
Evaluate -6 + 2 + (-1 - -1).
-4
Calculate 2 + 4 - 2 - (10 + -11).
5
0 + (-1 + 0 - (-12 + 13))
-2
Calculate 13 - 11 - (0 + 3 + -1).
0
What is -3 + (4 - 5) + 6 + -1?
1
Calculate -3 - (-3 + 2 - 2 - 3).
3
What is 1 + 4 - (-6 + (3 - -7))?
1
-6 + 10 + (-2 - -5 - 5)
2
What is the value of -3 - (-1 + (-1 + 2 - -1))?
-4
Evaluate 14 - (-13 + 4 - -19).
4
What is (-17 - -13 - (1 - -2)) + 3?
-4
What is the value of -1 + -1 + -21 + 26?
3
What is the value of 9 + -10 + 10 + -16?
-7
Calculate (-1 + 2 - (-14 - -8)) + -2.
5
Calculate (2 - -1 - (6 + -1)) + 0.
-2
What is the value of (4 - 1) + (-9 - -6)?
0
What is the value of 4 - (4 + -2 + (-11 - -10))?
3
Calculate -20 + 18 - (1 - (0 + 2)).
-1
(2 - 6) + 2 + -2
-4
Calculate (7 - 4 - 3) + 0.
0
(5 - (3 - 7)) + 4 + -8
5
What is the value of (11 - 5 - 13) + 3?
-4
What is the value of -2 + (3 - 0) - (-1 - -3)?
-1
Calculate -2 + 9 - (5 - (8 + -10)).
0
What is 5 + 2 + (0 - 2)?
5
What is -8 + -2 + (6 - 4) + 3?
-5
What is 1 - (9 - 2 - (4 - -2))?
0
(0 - -8 - 15) + (-1 - -4)
-4
What is the value of -1 + 1 - ((-14 - 0) + 7)?
7
-4 + (1 - -5) - (3 - -1)
-2
Calculate 1 - ((5 - 3) + -5) - -2.
6
What is the value of -10 - (-29 - -13) - -4?
10
What is the value of 17 + -12 + (16 + -5 - 6)?
10
(3 - -4 - 10) + -2
-5
What is the value of (-11 - -3) + -3 - (6 + -11)?
-6
What is the value of 4 + (-5 - (3 - (-1 - -2)))?
-3
1 - (-4 + 9 + -5)
1
Calculate 3 + (3 - (-2 - -4)) + -3.
1
Evaluate (-4 - -3) + (-4 - -6) + -1.
0
6 + 4 + (-1 - 1) - 5
3
What is -3 - (4 - (0 + 3 - -2))?
-2
Calculate -9 - (-9 - (0 - 2)).
-2
What is the value of (-3 - -8) + -3 + -1?
1
Calculate 1 - (0 + (6 - (6 + 5))).
6
Evaluate 8 + -1 - (21 - (0 - -17)).
3
What is the value of 2 + (1 + -4 - 0)?
-1
What is 9 - (-1 - (-6 - -1))?
5
What is the value of 4 + (-3 - 1) + -4 + 5?
1
What is -9 - (5 + 2 + 6 + -18)?
-4
2 + (3 - (3 - -2)) - -2
2
Evaluate -74 - -73 - (1 + 1).
-3
What is the value of 3 - ((-8 - -14) + 1 + -5)?
1
What is 0 - -2 - (1 + 4 + -7)?
4
-1 - (-4 + 1 - (-20 + 21))
3
Calculate 4 + 2 + -7 + -6 - -16.
9
What is -1 - (-3 + (-6 - (0 - 4)))?
4
(0 - -2) + (-15 - -6) - -14
7
What is 4 - (3 - 5) - 9?
-3
Calculate -12 + 8 - (-9 + 3).
2
Evaluate -1 - (-6 + (-2 - -2 - -3)).
2
Calculate 8 + -8 - (0 - (1 - 0)).
1
Calculate 1 - (14 - 9 - 3).
-1
What is the value of -16 + 14 - (0 + -6)?
4
2 + ((3 - 2) + 1 - 1)
3
What is -3 - (-2 - 0) - (140 + -146)?
5
What is the value of 16 + -16 + 0 + -5?
-5
0 + 4 + 17 + -18 + 2
5
-3 - 3 - (19 - 17)
-8
8 + -5 + -3 + -3
-3
What is the value of 0 - -5 - 3 - 3?
-1
5 + -1 + 13 + -10 + -2
5
What is the value of (1 - (-2 + -5)) + -12?
-4
Calculate 23 - 20 - (-2 + 3 + -1).
3
Evaluate 9 + -5 - (-5 - -5).
4
Calculate -6 + 6 - (-15 - -17).
-2
What is the value of (13 - 17) + 1 + (1 - 0)?
-2
What is (6 - -3) + -4 - (7 - 2)?
0
What is the value of (-5 - -7 - 5) + -4?
-7
What is the value of 14 + -2 - 5 - 7?
0
Evaluate -10 - -6 - -2 - -5.
3
Evaluate (-5 - -2) + 1 + 6.
4
Evaluate (-9 + 8 - 5) + 3.
-3
What is (4 + 3 - 0) + -2?
5
What is -10 + (-8 - -11) - (-1 - 14)?
8
Calculate -11 - (8 + -2 + -3) - -6.
-8
What is 5 - 3 - -4 - -1?
7
Evaluate 3 - 12 - 7 - -11.
-5
What is the value of 4 + (-7 - (7 - 5))?
-5
-8 - (5 + -6 + -10)
3
Calculate -1 + 0 + -1 + 3 + -2.
-1
(-6 - -1) + -8 + 6 - 2
-9
Evaluate 10 - 8 - 3 - (-5 - 0).
4
What is 0 + (-6 + 5 - -1) - 6?
-6
What is -6 + 6 - 0 - -4?
4
What is the value of 1 + (5 - 9 - -7)?
4
What is the value of -1 - (9 + -6) - -1?
-3
Evaluate -3 + -7 + 5 - -4.
-1
Calculate -9 + (-2 - 0 - -8) + 0.
-3
Calculate 1 - (-6 + 0 + -17 + 21).
3
What is the value of -1 + 0 - (-20 + 19)?
0
Evaluate -11 + (0 - (11 + -18)).
-4
Calculate -1 - -3 - (1 - (1 - 3)).
-1
Evaluate -3 - (-4 + 2) - (-5 + 2).
2
-21 - -23 - (-1 + 0 - -7)
-4
Calculate (0 + 7 - (-1 - 0)) + -3.
5
7 - (-4 + 7 + 7)
-3
Evaluate (14 + -17 - (3 - 3)) + -2.
-5
Calculate (-7 - 3) + 2 + 3.
-5
1 + 4 - (6 + (6 - 11))
4
Evaluate 3 - 1 - (3 + 7 + -3).
-5
Evaluate 0 + 2 - (4 - (-7 + 9)).
0
Calculate -4 + (-8 - -6) - -2 - -2.
-2
5 + -2 + (11 - 12)
2
Evaluate 4 + (8 + -23 - -1) + 8.
-2
(1 - 2) + (1 - 1 - -2)
1
What is 4 + -4 + (4 - -1)?
5
Calculate (1 - (-1 - 2)) + -15 + 17.
6
Evaluate -4 + 1 - (1 - 3).
-1
Evaluate (-46 - -59) + -23 + 1.
-9
What is 3 + (0 - -1 - (0 + 1))?
3
What is the value of 1 - (-4 - -2) - (26 - 29)?
6
Evaluate (9 - 0) + (-23 - -19).
5
Evaluate 2 + 7 - (14 - (4 - -7)).
6
What is (-12 - 0) + -94 + 102?
-4
Evaluate (2 - 6) + (-1 - 1) + -5.
-11
What is (-1 - 5) + 2 + 2 - -7?
5
What is the value of (5 - 4) + -2 + 3?
2
Calculate -1 - 0 - (7 - -1 - 4).
-5
Evaluate -4 - (-1 - (-2 - -7 - 3)).
-1
Calculate -5 - (2 - 5 - 2).
0
-9 + 7 + -7 + 7
-2
Calculate 7 + 1 - (-1 - -7).
2
What is 6 + -4 + (3 - 1)?
4
What is (-3 - -2) + -1 + 0 + -2?
-4
What is the value of 7 - (8 - (-2 + 3))?
0
Evaluate -3 - (-1 + (-4 - -2) + -4).
4
(-4 - -5) + 2 - (12 + -8)
-1
What is the value of 4 - (1 - -1) - (2 + -2)?
2
Evaluate 2 - ((0 - (3 + -1)) + -1).
5
Calculate -1 - (-2 + -9 + (4 - -1)).
5
(-5 - (-18 + 2)) + -12
-1
What is the value of 52 + -56 + (-3 - 1)?
-8
What is -4 - -2 - (9 + -2)?
-9
Evaluate 1 - ((1 - 0) + -3).
3
What is -5 + 0 + (16 - 9)?
2
What is 0 + 1 - (1 - (-3 - 1))?
-4
What is -3 + (-2 + 6 - -2)?
3
Calculate 1 + (-3 - -5) + 2.
5
Calculate 5 - (2 - 2) - (-25 + 31).
-1
(9 - 1) + (-12 - -8)
4
Calculate (-6 - 0) + 7 + 4.
5
What is the value of -4 - -5 - (-8 - -11)?
-2
What is 6 - (1 + 13) - -5?
-3
What is the value of 0 - (-2 + 1 + (3 - 2))?
0
What is the value of 5 + -7 + (-1 - -3)?
0
Evaluate (5 - 6 - (-1 - 1)) + -1.
0
Calculate (-4 - (-1 + (-4 - -2))) + 6.
5
What is the value of (-10 - -6) + (-5 - 2) + 5?
-6
What is 1 + (-4 - 1) - -3?
-1
What is the value of -5 + 17 - (4 + -2 + 5)?
5
-12 - (-2 - 7 - -5)
-8
Evaluate (0 - 3) + (-17 - -23).
3
What is 2 + -1 - 0 - (15 - 12)?
-2
What is 1 + 10 + (5 - 14)?
2
What is the value of 7 - 1 - (10 + -17 + 7)?
6
(7 - 0) + -6 + 14 + -13
2
Evaluate 13 + (7 - 16) + (-5 - 2).
-3
What is 9 + (-1 + -23 - -8)?
-7
What is the value of -3 + (4 - 2) - -4 - 1?
2
Evaluate (10 - (-1 - -15)) + 8.
4
Calculate -3 - (2 + (0 - 4)) - -4.
3
What is the value of -6 - (-10 + 3 + 4)?
-3
What is the value of 9 - 5 - (1 - 1)?
4
Evaluate 0 + (-4 - 3) - -8.
1
What is 4 + -8 + -1 + 5?
0
What is (-1 - -4) + -9 + 2 + 5?
1
What is the value of 2 - (1 - 3) - (-8 - -12)?
0
Calculate 6 + -15 + (4 + -2 - -1).
-6
-2 + 1 - (-6 + 4 + 3)
-2
Calculate 6 + -5 + (6 - -1).
8
What is 9 + (6 - 10) - 0?
5
Calculate 0 + -13 + 11 + 6.
4
Calculate 0 - 1 - (-11 - (-12 + 10)).
8
What is 5 - (0 - (7 - 3))?
9
Evaluate -5 - (3 - (-6 + 10)) - 3.
-7
What is the value of 0 - (2 + -8 - -5)?
1
Evaluate -2 + -5 + 8 - (4 + -6).
3
What is the value of 1 + -2 - ((3 - 4) + 3)?
-3
Calculate -1 - -5 - (2 - (6 - 7)).
1
What is 1 - ((-2 - 0 - 0) + 2)?
1
Calculate -7 - -8 - 0 - -6.
7
What is (4 + 0 - 13) + 2?
-7
Calculate -2 + 4 + -2 - (-7 - -4).
3
What is the value of -6 - (10 - 16) - (-10 + 3)?
7
Evaluate (-5 - -19) + 2 + -12.
4
(-1 - 1 - -2) + -6 - -1
-5
Calculate -77 + 63 + (3 - -2).
-9
Calculate -15 + 11 + 1 + 6.
3
What is the value of -5 - (-9 + 5 + -2 + 7)?
-6
What is -11 - -4 - (-2 - 2)?
-3
Evaluate -38 + 45 + 1 + -7.
1
Evaluate 0 + -2 - (2 + -6 - -8).
-6
What is the value of (-4 - -7 - (1 + -1)) + 1?
4
What is the value of 0 + (-14 - -13) + (-1 - -4)?
2
(-3 - -3 - 6 - -9) + 2
5
-95 + 82 - (1 + -3)
-11
Evaluate -7 + (-3 - -12) - (7 + 1).
-6
Evaluate 0 - (-1 + (0 - 7) + 5).
3
Evaluate 2 - (3 + (1 - 9)).
7
What is the value of -7 - (8 + -13) - -1?
-1
-3 - (9 - 17 - -8)
-3
Calcul